s t(p)?
4
Let g(n) be the second derivative of n**3/6 - 86*n. Let q = 71 - 77. Determine g(q).
-6
Suppose 3*a = -4*s - 31, 4*s + 25 = 4*a + 1. Let j(c) = c**3 + 6*c**2 - 16*c - 50. What is j(s)?
13
Let o(q) = q**3 - 12*q**2 - 2*q + 28. Let p be o(12). Let a(n) be the third derivative of 0*n + 10*n**2 - 1/60*n**5 + 5/6*n**3 + 0 + 1/6*n**4. Calculate a(p).
5
Let u(j) = -j**3 + 5*j**2 - 19 + 5*j - 17 - 3*j**2 + 42. What is u(5)?
-44
Let y(o) be the first derivative of -o**3/3 + o**2 + 2*o + 2. Let z be (-4)/6 - (84/9 + -6). Let s be (-75)/(-30) - (2/z - -1). Determine y(s).
2
Let z(m) = m - 14. Let a(g) = 37*g**3 - 15*g - 41 - 29*g**3 + 6*g**2 - 7*g**3. Let o be a(-7). Calculate z(o).
1
Let p(a) = -a**3 - 10*a**2 - 11*a - 8. Let g be (-31)/3 - (-1810)/543. Give p(g).
-78
Let i(h) = -27*h + 29*h - 1389*h**2 + 1392*h**2 + 16. Determine i(0).
16
Let b be (18/24)/(3/28) - 3. Let h(x) = 3*x**2 - 7*x - 21. Determine h(b).
-1
Let o(b) be the second derivative of -b**5/20 - 5*b**4/6 - 2*b**3 - 12*b. Let s(a) = 9*a**3 + 5*a**2 + a - 4. Let u be s(-1). Calculate o(u).
27
Let l(o) be the second derivative of -o**5/24 + 5*o**4/24 + 10*o**3/3 - o**2/2 + 14*o. Let z(b) be the second derivative of l(b). Give z(5).
-20
Let v = -1 + 7. Let s be 9/3 - (9 + 1 + -9). Let k(x) = -2*x + 0*x**2 + s*x + 3*x - 8*x + x**2 + 4. Calculate k(v).
10
Let p(v) be the first derivative of 0*v**2 + 6*v - 16 - 1/4*v**4 + 1/3*v**3. Let j(c) = c**2 - 21*c + 38. Let a be j(19). What is p(a)?
6
Let j(l) = -l**3 - l**2 - 4. Let r be (-2 + (-72)/(-30))*-5. Determine j(r).
0
Let u(c) = c**3 - 5*c**2 - 6*c - 2. Suppose 4*z = 3*i + 1147, i - 268 = -4*z + 875. Let l = z - 280. Calculate u(l).
-2
Let b(j) = -10 + j**2 - 21*j + 10*j + 9 - 2 + 13*j. Calculate b(-2).
-3
Let i(k) = k**2 + 5*k - 7. Let q(b) = b - 1. Let s(u) = i(u) - 6*q(u). Let z(l) = 9*l + 218. Let c be z(-24). Let x(a) = 48*a - 95. Let m be x(c). What is s(m)?
-1
Let m(i) be the first derivative of -24 + 4*i - 1/3*i**3 - 3/2*i**2. Let t be (-42)/35*(-5)/(-2). Calculate m(t).
4
Let y(o) = -6*o**2 + 10*o + 35. Let z(h) = -5*h**2 + 10*h + 40. Let k(q) = -4*y(q) + 5*z(q). Calculate k(-5).
-15
Let c(d) = -16 + 0*d**2 + 1 + 9*d + 0*d**2 + 4*d**2 - d. Let a(h) = -7*h**2 - 15*h + 28. Let p(y) = -6*a(y) - 11*c(y). What is p(2)?
-7
Let r be -1 + (18/2 - (-34)/(-2)). Let g(d) = d**2 + 12*d + 14. Give g(r).
-13
Let a(f) = -4*f + 9. Let k be a(-9). Let s = k - 45. Suppose s = -2*i - 15 + 21. Let z(c) = c**3 - 2*c**2 - 2*c + 2. What is z(i)?
5
Let k(x) = -2*x. Let l(q) = q**3 - 8*q**2 + 5*q + 9. Let u be (-12)/(4/8 + -2)*1. Let y be l(u). Let z = 44 - y. Calculate k(z).
10
Let p(u) = -u**3 + 9*u**2 - 8*u - 5. Suppose 5*s - 39 = r - 32, 60 = 9*r - 4*s. What is p(r)?
-5
Let d(u) = -117*u + 714. Let w be d(6). Let c(l) = -l**2 + 10*l + 8. Calculate c(w).
-16
Suppose -3*r = c - 16, -r + 13 + 3 = 3*c. Let v(u) = r*u - 5*u + 2*u + u + 3. Let w = -51 + 49. Determine v(w).
-1
Suppose 4*h - 6 = 4*k - 26, -12 = -3*k. Let z(i) = 2*i**2 + 8*i**3 - i**3 + 3*i - i**3 - 2*i. Calculate z(h).
-5
Let b(a) = -3*a**2 - 3*a + 2. Suppose -51*o = -55*o + 4. Let d(h) = -86*h**3 - 2*h**2 + 2*h + 1. Let p be d(o). Let x = p + 87. Give b(x).
-16
Let i be -3*10/(-3)*(-27)/(-6). Suppose 41*y = i*y + 16. Let q(l) be the second derivative of -l**3/6 - l**2 - 2*l + 3. Give q(y).
2
Let c(d) = -28*d**2 - 2686*d - 49 - 2683*d + 5396*d - d**3. Give c(-29).
9
Let y(n) = -n**3 + n - 16. Let t(u) = -4*u**3 + 7*u**2 + 3*u - 126. Let a(l) = t(l) - 5*y(l). What is a(-6)?
2
Let u be (4/3)/((-20)/(-135)). Let q be ((-8)/(-24))/(1/u). Let w(c) = -c - 4*c**3 + 5*c**q - 67*c**2 + 2 + 61*c**2. Calculate w(6).
-4
Let g(q) = 11*q**2 - 7*q + 37. Let f(y) = -5*y**2 - 9. Let r(a) = 2*f(a) + g(a). Give r(9).
37
Let f(w) = w**2 - 12*w - 31. Suppose -8*n + 70 = 5*q, -n - 15 + 71 = 4*q. What is f(q)?
-3
Let l = 4336 - 4339. Let y(f) = 14*f**2 - 2. Calculate y(l).
124
Let z(i) = 16*i + 13*i + 21*i + 93 - 59*i. Let a be z(10). Let j(u) = 4*u**2 + 3*u - 2. What is j(a)?
43
Let f(g) = g**2 - 1. Let i(o) = 12*o**3 - o**2 + o + 2. Let n be (-3 - (-42)/18)/(1/6). Let k be (n + 14/3)/(2/3). Let v(t) = k*i(t) + 2*f(t). Give v(-1).
-12
Let u(p) = -p**3 - 19*p**2 + 21*p + 5. Let y be -14 + (18/(-2))/(((-252)/(-8))/21). Give u(y).
-15
Let u = 537 - 525. Suppose -7*q = -16 - u. Let d(o) = o**2 - 6*o + 2. Give d(q).
-6
Let u(m) = 3*m**2 + 15*m - 5. Let z = 16533 - 16538. Determine u(z).
-5
Let x(s) = 23*s**2 + 18*s + 11. Let i(d) = -41*d**2 - 23*d - 22. Let m(q) = -4*i(q) - 7*x(q). Calculate m(12).
35
Let f(h) = h**3 + h**2 + h + 5. Let n be f(0). Suppose -40*w = -39*w - 27. Let v(p) = 37*p - 11*p - 2 - w*p. Determine v(n).
-7
Let b(p) be the first derivative of p**4/4 + 2*p**3/3 - 2*p**2 - 1243. What is b(4)?
80
Let n(y) = y**2 - 2*y + 4. Suppose -5*l - 44 = -79. Suppose 20 = -4*u + l*m - 12*m, -4*u = 3*m + 12. Determine n(u).
4
Suppose 0 = -k - 2*k - 9. Let g(r) be the third derivative of -r**5/15 - r**4/24 - 27*r**2. What is g(k)?
-33
Suppose -84*s + 27*s - 43548 = 0. Let q = s - -767. Let m(w) = 2*w**3 + 3*w**2 + 7. Let o(j) = -3*j**3 - 3*j**2 - 8. Let y(i) = -4*m(i) - 3*o(i). Give y(q).
-4
Let v = -27 - -29. Let k(q) = -21*q**2 - 23*q**2 - q**3 + 2*q + 38*q**2 + 2*q + 2 - v*q. What is k(-6)?
-10
Let p(y) = y + 12. Suppose 35*j - 23*j - 72 = 0. Let x be -13 - (-3)/3*(-1 + j). Determine p(x).
4
Let b(f) = -12*f - 2. Let x(n) = n**2 - 15*n + 20. Let v be x(14). Let w(s) = -48*s - 8. Let m be w(3). Let q be 3 + m/28 + v/14. Give b(q).
22
Let d(f) = 2*f**2 - 5 - 7*f + 0 - f**2. Let c(y) = -162*y + 750. Let l(q) = 17*q - 79. Let i(z) = -5*c(z) - 48*l(z). Let s be i(6). What is d(s)?
-11
Let d(o) = -39*o - 40. Let p be d(-1). Let t(b) be the third derivative of 0*b**3 - 7/8*b**4 + 0 - 3*b**2 + 0*b. Determine t(p).
21
Let d(q) = 7*q + 72. Suppose 0 = 185*h - 138*h + 517. Give d(h).
-5
Let f(h) = h**3 - 3*h**2 - 7*h + 15. Let w be f(4). Let u(s) = -s**3 - 10*s**2 + 5*s - 6*s**w + 5 + 15*s**3 - 9*s**3 - 13*s. Determine u(-9).
-4
Let q(u) = 3*u**3 + 61*u**2 + 13*u - 15. Let c(w) = -w**3 - 27*w**2 - 8*w + 8. Let z(l) = 5*c(l) + 2*q(l). What is z(14)?
10
Let w be (496/(-155))/((-4)/10). Suppose -w*j = -12*j - 56. Let m(f) = -f**2 - 15*f - 21. Determine m(j).
-7
Let d(q) = q**2 + 2*q + 2. Let p(a) = a**3 - 16*a**2 + 2*a - 38. Let b be p(16). Let s(m) = m**3 - 8*m - 3. Let j(x) = b*d(x) - s(x). What is j(-6)?
15
Let r(d) be the second derivative of 67*d**3/6 + 270*d**2 + 4637*d. Determine r(-8).
4
Let y(b) = -b + 8. Let v be y(6). Let n(o) = v + 1 - 2*o**2 + 3*o**2 + 4*o. Suppose 33*u = 327 - 492. Calculate n(u).
8
Let u = 182 - 183. Let j be (10/(-30))/(u/6). Let n(i) = -3*i**2 + 3*i - 3. What is n(j)?
-9
Let r(l) be the first derivative of 2*l**3/3 - l**2/2 + 33*l - 77. Let c(s) be the first derivative of r(s). What is c(2)?
7
Suppose 0 = -2*v - 2*c + 26, c + 83 = -0*v + 5*v. Let o(g) = -2*g + 34. Let t be o(v). Let b(m) = t*m + 46*m**2 - 5 - 47*m**2 - 9*m. Calculate b(-5).
5
Let w(z) = z**3 + z**2 + z - 2. Suppose 7*c - c - 24 = 0. Suppose -32 = -4*b + f - c, 2*f + 20 = 2*b. Let q be (-48)/20 - b/(-15). What is w(q)?
-8
Let p(s) = -2*s - 23. Let d(l) = 2*l + 41. Let m(r) = -4*d(r) - 5*p(r). What is m(6)?
-37
Let j(p) = 9*p + 27. Let q(d) be the third derivative of -d**4/4 - 3*d**3 - 51*d**2. Let n(b) = -5*j(b) - 7*q(b). Determine n(9).
-36
Let l(h) = -7*h - 2 + h**2 - 10 + 2. Suppose 3*o - 115 = -2*b, 0 = -3*o + 14*b - 12*b + 131. Suppose 6 = -2*u - 4*z, o = -2*u + 5*u - 4*z. What is l(u)?
-10
Let h(s) = -s**2 - 20*s + 91. Suppose -2*f = x, 4*x = -18*f + 16*f + 12. What is h(x)?
-5
Suppose 47*w + 72 = 59*w. Let s(k) be the third derivative of k**4/12 - 2*k**3/3 - 5*k**2 - 7*k. Give s(w).
8
Suppose -4*h + 501 = -y, 5*h - y = -57 + 684. Suppose -14*a = 7*a + h. Let q(n) = n + 4. Give q(a).
-2
Suppose -34*f + 163 = -88 + 81. Let o(h) be the second derivative of -2*h - 1/2*h**4 + 5/2*h**2 + 5/6*h**3 + 1/20*h**5 + 0. Calculate o(f).
5
Let o(p) = -p**3 + 9*p**2 + 11. Let y = 1570 - 1561. Give o(y).
11
Let c(y) = -3*y**3 + 4*y**2 + 2*y - 4. Let w(z) = -6*z - 46. Let h be w(-8). Let n be c(h). Let f(q) = -q**3 - 9*q**2 - 7*q + 15. Determine f(n).
7
Let v(j) = j**2 + 2*j + 1. Suppose 5*z - 3*c = 6*z - 141, 2*c = 3*z - 423